he greatest common divisor of 654465 and 2645?
115
Calculate the greatest common divisor of 256424 and 160.
8
Calculate the highest common factor of 1257 and 227828736.
1257
What is the highest common divisor of 2699520 and 3630?
30
What is the highest common factor of 304420 and 476780?
620
Calculate the greatest common divisor of 18150 and 77778195.
1815
Calculate the highest common divisor of 101910 and 18318.
258
Calculate the highest common divisor of 6516406 and 7692.
1282
What is the greatest common divisor of 20424 and 187368?
888
Calculate the highest common factor of 111 and 19589798.
37
What is the highest common factor of 25628 and 5835874?
86
Calculate the greatest common divisor of 15124573 and 29.
29
What is the greatest common factor of 5463021 and 13803?
129
Calculate the greatest common divisor of 6588 and 24774052.
244
Calculate the greatest common divisor of 287825927 and 19.
19
Calculate the highest common factor of 725 and 2005495.
145
Calculate the highest common divisor of 1256327271 and 18.
9
What is the highest common factor of 280 and 601048?
56
Calculate the highest common factor of 779645430 and 120.
30
Calculate the highest common divisor of 196503 and 3383.
17
Calculate the greatest common factor of 100795 and 1045.
95
Calculate the greatest common divisor of 15840 and 34382304.
3168
Calculate the highest common factor of 143 and 1018121.
13
What is the highest common divisor of 12617 and 511159?
341
Calculate the highest common divisor of 443452435 and 5.
5
What is the highest common factor of 14 and 1487276?
14
What is the highest common divisor of 1574822 and 21022?
914
What is the greatest common divisor of 1563 and 52090101?
1563
What is the highest common divisor of 100 and 223784900?
100
Calculate the highest common factor of 9 and 19499994.
9
What is the greatest common divisor of 351475 and 550?
25
Calculate the greatest common divisor of 2005352 and 2209048.
3512
What is the highest common factor of 1856 and 284?
4
What is the highest common factor of 10440 and 1904140?
580
Calculate the greatest common divisor of 630 and 2230326.
126
What is the greatest common divisor of 2179329 and 46737?
1731
What is the greatest common divisor of 25555205 and 520?
65
Calculate the highest common factor of 13536 and 37263.
3
Calculate the highest common factor of 3910 and 20659658.
782
What is the highest common divisor of 15231865 and 253?
253
What is the greatest common factor of 31 and 230018171?
31
Calculate the greatest common divisor of 234248 and 235316.
356
Calculate the highest common factor of 3932 and 871631998.
1966
Calculate the highest common factor of 192929685 and 6630.
3315
Calculate the greatest common divisor of 146694 and 147757.
1063
What is the greatest common divisor of 22317679 and 6013?
859
What is the highest common divisor of 133799926 and 13?
13
What is the highest common factor of 2549036 and 199892?
1652
Calculate the greatest common divisor of 2164593 and 1887.
51
Calculate the highest common factor of 720 and 1480770.
90
Calculate the highest common divisor of 2919 and 26301163.
973
What is the highest common factor of 2028 and 8658884?
676
What is the highest common factor of 17458332 and 852?
852
What is the highest common divisor of 12326 and 1326308415?
6163
Calculate the greatest common divisor of 2802448 and 752.
16
What is the highest common divisor of 2020430 and 6032?
58
What is the highest common divisor of 2240490 and 75670?
3290
Calculate the highest common divisor of 35607 and 3363243.
3237
What is the greatest common factor of 369920 and 935?
85
What is the greatest common factor of 3649 and 2753?
1
What is the greatest common factor of 88076884 and 1484?
1484
What is the greatest common divisor of 450 and 164676840?
30
Calculate the greatest common divisor of 348444 and 60678.
18
Calculate the greatest common divisor of 23254 and 92246.
154
What is the highest common factor of 3835 and 164515?
65
What is the highest common factor of 9210 and 81920?
10
Calculate the highest common divisor of 6270 and 18278.
38
What is the greatest common divisor of 929563 and 48493?
683
Calculate the greatest common divisor of 3396 and 41288851.
283
What is the highest common divisor of 2717 and 344487?
143
Calculate the greatest common divisor of 7627 and 1537610827.
7627
Calculate the highest common divisor of 6887 and 19822277.
71
What is the greatest common divisor of 1371768 and 5124?
732
What is the highest common divisor of 354346 and 1?
1
Calculate the highest common factor of 8195 and 10818890.
745
Calculate the highest common divisor of 3051552 and 9093.
21
Calculate the highest common factor of 24800 and 68262.
62
Calculate the highest common factor of 376295 and 709580.
85
What is the greatest common divisor of 54216026 and 6?
2
Calculate the greatest common divisor of 736 and 156699253.
23
Calculate the highest common divisor of 50 and 17243850.
50
What is the highest common divisor of 5 and 2128079?
1
What is the greatest common factor of 69343 and 2567?
17
What is the greatest common factor of 378 and 30345882?
42
What is the greatest common factor of 1024475 and 46225?
1075
Calculate the greatest common divisor of 29672718 and 13554.
1506
What is the greatest common divisor of 918577 and 204703?
739
What is the highest common factor of 2055 and 80880690?
2055
Calculate the highest common divisor of 313 and 168498542.
313
What is the highest common divisor of 50283894 and 30?
6
What is the greatest common factor of 14601088 and 790912?
4736
What is the highest common factor of 8123091 and 24?
3
What is the highest common divisor of 3005685 and 2465?
85
What is the highest common factor of 2533791 and 2145?
39
Calculate the highest common divisor of 129987 and 2635776.
1287
Calculate the highest common factor of 50549499 and 385.
77
Calculate the greatest common divisor of 188942 and 307580.
4394
Calculate the greatest common divisor of 43754934 and 549.
183
What is the highest common divisor of 73193112 and 2376?
216
What is the greatest common factor of 22140 and 183926?
82
Calculate the greatest common factor of 6847422 and 12857.
23
Calculate the highest common factor of 105037504 and 312.
104
What is the highest common divisor of 21952 and 624768?
64
Calculate the highest common factor of 671904 and 15264.
288
What is the highest common divisor of 2453768 and 14760?
328
Calculate the highest common factor of 984 and 27182508.
492
What is the highest common divisor of 1059566 and 2252?
1126
Calculate the highest common divisor of 3617 and 113772735.
3617
Calculate the highest common factor of 509155 and 45.
5
What is the highest common factor of 9975 and 28?
7
What is the highest common factor of 4282290 and 720?
90
What is the highest common divisor of 48848 and 252324?
172
What is the greatest common factor of 339640803 and 6?
3
What is the highest common factor of 39186 and 4915666?
4354
What is the highest common divisor of 3876894 and 58464?
3654
What is the greatest common divisor of 144694 and 4994?
22
What is the greatest common divisor of 11497356 and 34884?
2052
What is the greatest common divisor of 153912844 and 76?
76
What is the greatest common factor of 630 and 2201815?
35
What is the highest common divisor of 187 and 162848389?
187
What is the highest common factor of 49 and 1392281590?
49
What is the highest common divisor of 10062 and 2915658?
774
Calculate the greatest common factor of 4369165 and 615.
205
Calculate the highest common divisor of 9920 and 38330.
10
Calculate the greatest common divisor of 360 and 19397310.
30
Calculate the greatest common divisor of 21 and 551114697.
21
What is the highest common divisor of 2847264 and 521360?
2128
Calculate the greatest common factor of 7027600 and 400.
400
Calculate the highest common factor of 81 and 19101906.
81
What is the greatest common factor of 602 and 439138?
14
What is the highest common divisor of 7568654 and 11044?
502
Calculate the highest common factor of 155837 and 3157.
11
What is the greatest common factor of 1179313 and 1525?
61
Calculate the greatest common divisor of 17643 and 3831.
3
Calculate the highest common divisor of 16168 and 172208.
376
Calculate the highest common di